{"id":846,"date":"2023-11-27T19:04:00","date_gmt":"2023-11-27T19:04:00","guid":{"rendered":"https:\/\/xn--reitanlage-gssendorf-fbc.at\/?page_id=846"},"modified":"2024-01-22T18:08:16","modified_gmt":"2024-01-22T18:08:16","slug":"impressum","status":"publish","type":"page","link":"https:\/\/xn--reitanlage-gssendorf-fbc.at\/index.php\/impressum\/","title":{"rendered":"Impressum"},"content":{"rendered":"\t\t<div data-elementor-type=\"wp-page\" data-elementor-id=\"846\" class=\"elementor elementor-846\" data-elementor-settings=\"{&quot;ha_cmc_init_switcher&quot;:&quot;no&quot;}\">\n\t\t\t\t\t\t<section class=\"elementor-section elementor-top-section elementor-element elementor-element-e786995 elementor-section-full_width elementor-section-height-default elementor-section-height-default\" data-id=\"e786995\" data-element_type=\"section\" data-e-type=\"section\" data-settings=\"{&quot;_ha_eqh_enable&quot;:false}\">\n\t\t\t\t\t\t<div class=\"elementor-container elementor-column-gap-no\">\n\t\t\t\t\t<div class=\"elementor-column elementor-col-100 elementor-top-column elementor-element elementor-element-21d62e50\" data-id=\"21d62e50\" data-element_type=\"column\" data-e-type=\"column\">\n\t\t\t<div class=\"elementor-widget-wrap elementor-element-populated\">\n\t\t\t\t\t\t<div class=\"elementor-element elementor-element-29ec0818 elementor-invisible elementor-widget elementor-widget-heading\" data-id=\"29ec0818\" data-element_type=\"widget\" data-e-type=\"widget\" data-settings=\"{&quot;_animation&quot;:&quot;fadeInUp&quot;}\" data-widget_type=\"heading.default\">\n\t\t\t\t<div class=\"elementor-widget-container\">\n\t\t\t\t\t<h1 class=\"elementor-heading-title elementor-size-default\">Impressum<\/h1>\t\t\t\t<\/div>\n\t\t\t\t<\/div>\n\t\t\t\t\t<\/div>\n\t\t<\/div>\n\t\t\t\t\t<\/div>\n\t\t<\/section>\n\t\t\t\t<section class=\"elementor-section elementor-top-section elementor-element elementor-element-6f11bb5 elementor-section-boxed elementor-section-height-default elementor-section-height-default\" data-id=\"6f11bb5\" data-element_type=\"section\" data-e-type=\"section\" data-settings=\"{&quot;_ha_eqh_enable&quot;:false}\">\n\t\t\t\t\t\t<div class=\"elementor-container elementor-column-gap-default\">\n\t\t\t\t\t<div class=\"elementor-column elementor-col-50 elementor-top-column elementor-element elementor-element-d489a0c\" data-id=\"d489a0c\" data-element_type=\"column\" data-e-type=\"column\">\n\t\t\t<div class=\"elementor-widget-wrap elementor-element-populated\">\n\t\t\t\t\t\t<div class=\"elementor-element elementor-element-306e978 elementor-widget elementor-widget-text-editor\" data-id=\"306e978\" data-element_type=\"widget\" data-e-type=\"widget\" data-widget_type=\"text-editor.default\">\n\t\t\t\t<div class=\"elementor-widget-container\">\n\t\t\t\t\t\t\t\t\t<h1><strong>Reitanlage G\u00f6ssendorf<\/strong><\/h1><p><strong>Inhaber<br \/><\/strong>Claudia Posch<\/p><div class=\"elementor-element elementor-element-0a5788d elementor-widget elementor-widget-text-editor\" data-id=\"0a5788d\" data-element_type=\"widget\" data-widget_type=\"text-editor.default\"><div class=\"elementor-widget-container\"><p><strong>Kontakt:<\/strong><br \/>Reiterweg 37 \u00b7 8077 G\u00f6ssendorf<br \/><a href=\"tel: 0043 664 3922335\">0664 3922335<\/a><br \/><a href=\"mailto:rscgoessendorf@gmail.com\">rscgoessendorf@gmail.com.<\/a><\/p><p><strong>Postanschrift<\/strong><br \/>Brumovskygasse 10 \u00b7 8401 Kalsdorf bei Graz<\/p><p><strong>Konzeption, Design &amp; Programmierung<br \/><\/strong><a href=\"http:\/\/www.die-vorreiterin.at\/\" target=\"_blank\" rel=\"noopener\">Die Vorreiterin \u2013 Laura Katschnig<\/a><\/p><p><strong>Foto Credits<\/strong><br \/><a href=\"https:\/\/www.pictures-by-helene.com\/\" target=\"_blank\" rel=\"noopener\">Pictures by Helene<\/a><br \/>Claudia Posch<br \/><a href=\"https:\/\/www.canva.com\/\" target=\"_blank\" rel=\"noopener\">Canva<\/a><br \/>Foto von <a href=\"https:\/\/unsplash.com\/de\/@chris_robert?utm_content=creditCopyText&amp;utm_medium=referral&amp;utm_source=unsplash\" target=\"_blank\" rel=\"noopener\">chris robert<\/a> auf <a href=\"https:\/\/unsplash.com\/de\/fotos\/braunes-pferd-steht-tagsuber-auf-braunem-boden-juJHUTPoEWE?utm_content=creditCopyText&amp;utm_medium=referral&amp;utm_source=unsplash\" target=\"_blank\" rel=\"noopener\">Unsplash<\/a><\/p><\/div><\/div>\t\t\t\t\t\t\t\t<\/div>\n\t\t\t\t<\/div>\n\t\t\t\t\t<\/div>\n\t\t<\/div>\n\t\t\t\t<div class=\"elementor-column elementor-col-50 elementor-top-column elementor-element elementor-element-70060b2\" data-id=\"70060b2\" data-element_type=\"column\" data-e-type=\"column\">\n\t\t\t<div class=\"elementor-widget-wrap elementor-element-populated\">\n\t\t\t\t\t\t<div class=\"elementor-element elementor-element-ca96b44 elementor-widget elementor-widget-heading\" data-id=\"ca96b44\" data-element_type=\"widget\" data-e-type=\"widget\" data-widget_type=\"heading.default\">\n\t\t\t\t<div class=\"elementor-widget-container\">\n\t\t\t\t\t<h1 class=\"elementor-heading-title elementor-size-default\">Claudia Posch<\/h1>\t\t\t\t<\/div>\n\t\t\t\t<\/div>\n\t\t\t\t<div class=\"elementor-element elementor-element-bb6e333 elementor-widget elementor-widget-image\" data-id=\"bb6e333\" data-element_type=\"widget\" data-e-type=\"widget\" data-widget_type=\"image.default\">\n\t\t\t\t<div class=\"elementor-widget-container\">\n\t\t\t\t\t\t\t\t\t\t\t\t\t\t\t\t<a href=\"https:\/\/xn--reitanlage-gssendorf-fbc.at\/\">\n\t\t\t\t\t\t\t<img decoding=\"async\" src=\"https:\/\/xn--reitanlage-gssendorf-fbc.at\/wp-content\/uploads\/elementor\/thumbs\/Logo-SChrift-Prata-q6ap9gdnfmbz8s7grml0m34l6usj9i0ca2p27rhulw.png\" title=\"Reitanlage G\u00f6ssendorf &#8211; Claudia Posch\" alt=\"Reitanlage G\u00f6ssendorf - Claudia Posch\" loading=\"lazy\" \/>\t\t\t\t\t\t\t\t<\/a>\n\t\t\t\t\t\t\t\t\t\t\t\t\t\t\t<\/div>\n\t\t\t\t<\/div>\n\t\t\t\t\t<\/div>\n\t\t<\/div>\n\t\t\t\t\t<\/div>\n\t\t<\/section>\n\t\t\t\t<section class=\"elementor-section elementor-top-section elementor-element elementor-element-8eebe21 elementor-section-boxed elementor-section-height-default elementor-section-height-default\" data-id=\"8eebe21\" data-element_type=\"section\" data-e-type=\"section\" data-settings=\"{&quot;_ha_eqh_enable&quot;:false}\">\n\t\t\t\t\t\t<div class=\"elementor-container elementor-column-gap-default\">\n\t\t\t\t\t<div class=\"elementor-column elementor-col-100 elementor-top-column elementor-element elementor-element-e98a292\" data-id=\"e98a292\" data-element_type=\"column\" data-e-type=\"column\">\n\t\t\t<div class=\"elementor-widget-wrap elementor-element-populated\">\n\t\t\t\t\t\t<div class=\"elementor-element elementor-element-8bbbbbc elementor-widget elementor-widget-text-editor\" data-id=\"8bbbbbc\" data-element_type=\"widget\" data-e-type=\"widget\" data-widget_type=\"text-editor.default\">\n\t\t\t\t<div class=\"elementor-widget-container\">\n\t\t\t\t\t\t\t\t\t<p><strong>Haftungsausschluss f\u00fcr Inhalte<br><\/strong>Die von der Reitanlage G\u00f6ssendorf auf dieser Webseite angebotenen Informationen dienen lediglich zu Zwecken der allgemeinen Information und pers\u00f6nlichen Verwendung. Die Inhalte dieser Seite wurden mit gr\u00f6\u00dfter Sorgfalt erstellt. F\u00fcr die Richtigkeit, Vollst\u00e4ndigkeit und Aktualit\u00e4t der Inhalte kann allerdings keine Gew\u00e4hr \u00fcbernommen werden. Der Diensteanbieter ist nicht verpflichtet, \u00fcbermittelte oder gespeicherte fremde Informationen zu \u00fcberwachen oder nach Umst\u00e4nden zu forschen, die auf eine rechtswidrige T\u00e4tigkeit hinweisen.<\/p>\n<div class=\"elementor-element elementor-element-0a5788d elementor-widget elementor-widget-text-editor\" data-id=\"0a5788d\" data-element_type=\"widget\" data-widget_type=\"text-editor.default\">\n<div class=\"elementor-widget-container\">\n<p><strong>Haftungsausschluss f\u00fcr Links<\/strong><br>Diese Seite enth\u00e4lt Links zu externen Webseiten Dritter, auf deren Inhalte wir keinen Einfluss haben. Deshalb kann f\u00fcr diese fremden Inhalte keine Gew\u00e4hr \u00fcbernommen werden, verantwortlich ist stets der jeweilige Anbieter oder Betreiber der Seite. Zum Zeitpunkt der Verlinkung waren rechtswidrige Inhalte nicht erkennbar.<br>Eine permanente inhaltliche Kontrolle der verlinkten Seiten daraufhin ist jedoch ohne konkrete Anhaltspunkte einer Rechtsverletzung unzumutbar. Bei Bekanntwerden von Rechtsverletzungen werden derartige Links oder Eintr\u00e4ge umgehend entfernt.<\/p>\n<p><strong>Postanschrift<\/strong><br>Die durch den Seitenbetreiber erstellten Inhalte und Elemente (wie u.a. Texte, Grafiken, Videos, Audios) auf diesen Seiten unterliegen dem Urheberrecht und dem Schutz des geistigen Eigentums. Jede Vervielf\u00e4ltigung, Bearbeitung, Verbreitung und jede Art der Verwendung in anderen elektronischen oder gedruckten Medien<br>und jede Art der Verwertung au\u00dferhalb der Grenzen des Urheberrechtes bed\u00fcrfen der schriftlichen Zustimmung. Soweit die Inhalte auf dieser Seite nicht vom Betreiber erstellt wurden, sind die Urheberrechte Dritter zu beachten.<\/p>\n<\/div>\n<\/div>\t\t\t\t\t\t\t\t<\/div>\n\t\t\t\t<\/div>\n\t\t\t\t<div class=\"elementor-element elementor-element-96eb601 elementor-widget elementor-widget-heading\" data-id=\"96eb601\" data-element_type=\"widget\" data-e-type=\"widget\" data-widget_type=\"heading.default\">\n\t\t\t\t<div class=\"elementor-widget-container\">\n\t\t\t\t\t<h2 class=\"elementor-heading-title elementor-size-small\">Claudia Posch<\/h2>\t\t\t\t<\/div>\n\t\t\t\t<\/div>\n\t\t\t\t\t<\/div>\n\t\t<\/div>\n\t\t\t\t\t<\/div>\n\t\t<\/section>\n\t\t\t\t<\/div>\n\t\t","protected":false},"excerpt":{"rendered":"<p>Impressum Reitanlage G\u00f6ssendorf InhaberClaudia Posch Kontakt:Reiterweg 37 \u00b7 8077 G\u00f6ssendorf0664 3922335rscgoessendorf@gmail.com. PostanschriftBrumovskygasse 10 \u00b7 8401 Kalsdorf bei Graz Konzeption, Design &amp; ProgrammierungDie Vorreiterin \u2013 Laura Katschnig Foto CreditsPictures by HeleneClaudia PoschCanvaFoto von chris robert auf Unsplash Claudia Posch Haftungsausschluss f\u00fcr InhalteDie von der Reitanlage G\u00f6ssendorf auf dieser Webseite angebotenen Informationen dienen lediglich zu Zwecken der [&hellip;]<\/p>\n","protected":false},"author":1,"featured_media":0,"parent":0,"menu_order":0,"comment_status":"closed","ping_status":"closed","template":"","meta":{"ocean_post_layout":"full-screen","ocean_both_sidebars_style":"","ocean_both_sidebars_content_width":0,"ocean_both_sidebars_sidebars_width":0,"ocean_sidebar":"","ocean_second_sidebar":"","ocean_disable_margins":"enable","ocean_add_body_class":"","ocean_shortcode_before_top_bar":"","ocean_shortcode_after_top_bar":"","ocean_shortcode_before_header":"","ocean_shortcode_after_header":"","ocean_has_shortcode":"","ocean_shortcode_after_title":"","ocean_shortcode_before_footer_widgets":"","ocean_shortcode_after_footer_widgets":"","ocean_shortcode_before_footer_bottom":"","ocean_shortcode_after_footer_bottom":"","ocean_display_top_bar":"on","ocean_display_header":"on","ocean_header_style":"","ocean_center_header_left_menu":"","ocean_custom_header_template":"","ocean_custom_logo":0,"ocean_custom_retina_logo":0,"ocean_custom_logo_max_width":0,"ocean_custom_logo_tablet_max_width":0,"ocean_custom_logo_mobile_max_width":0,"ocean_custom_logo_max_height":0,"ocean_custom_logo_tablet_max_height":0,"ocean_custom_logo_mobile_max_height":0,"ocean_header_custom_menu":"","ocean_menu_typo_font_family":"","ocean_menu_typo_font_subset":"","ocean_menu_typo_font_size":0,"ocean_menu_typo_font_size_tablet":0,"ocean_menu_typo_font_size_mobile":0,"ocean_menu_typo_font_size_unit":"px","ocean_menu_typo_font_weight":"","ocean_menu_typo_font_weight_tablet":"","ocean_menu_typo_font_weight_mobile":"","ocean_menu_typo_transform":"","ocean_menu_typo_transform_tablet":"","ocean_menu_typo_transform_mobile":"","ocean_menu_typo_line_height":0,"ocean_menu_typo_line_height_tablet":0,"ocean_menu_typo_line_height_mobile":0,"ocean_menu_typo_line_height_unit":"","ocean_menu_typo_spacing":0,"ocean_menu_typo_spacing_tablet":0,"ocean_menu_typo_spacing_mobile":0,"ocean_menu_typo_spacing_unit":"","ocean_menu_link_color":"","ocean_menu_link_color_hover":"","ocean_menu_link_color_active":"","ocean_menu_link_background":"","ocean_menu_link_hover_background":"","ocean_menu_link_active_background":"","ocean_menu_social_links_bg":"","ocean_menu_social_hover_links_bg":"","ocean_menu_social_links_color":"","ocean_menu_social_hover_links_color":"","ocean_disable_title":"on","ocean_disable_heading":"default","ocean_post_title":"","ocean_post_subheading":"","ocean_post_title_style":"","ocean_post_title_background_color":"","ocean_post_title_background":0,"ocean_post_title_bg_image_position":"","ocean_post_title_bg_image_attachment":"","ocean_post_title_bg_image_repeat":"","ocean_post_title_bg_image_size":"","ocean_post_title_height":0,"ocean_post_title_bg_overlay":0.5,"ocean_post_title_bg_overlay_color":"","ocean_disable_breadcrumbs":"default","ocean_breadcrumbs_color":"","ocean_breadcrumbs_separator_color":"","ocean_breadcrumbs_links_color":"","ocean_breadcrumbs_links_hover_color":"","ocean_display_footer_widgets":"on","ocean_display_footer_bottom":"on","ocean_custom_footer_template":"","footnotes":""},"class_list":["post-846","page","type-page","status-publish","hentry","entry"],"_links":{"self":[{"href":"https:\/\/xn--reitanlage-gssendorf-fbc.at\/index.php\/wp-json\/wp\/v2\/pages\/846","targetHints":{"allow":["GET"]}}],"collection":[{"href":"https:\/\/xn--reitanlage-gssendorf-fbc.at\/index.php\/wp-json\/wp\/v2\/pages"}],"about":[{"href":"https:\/\/xn--reitanlage-gssendorf-fbc.at\/index.php\/wp-json\/wp\/v2\/types\/page"}],"author":[{"embeddable":true,"href":"https:\/\/xn--reitanlage-gssendorf-fbc.at\/index.php\/wp-json\/wp\/v2\/users\/1"}],"replies":[{"embeddable":true,"href":"https:\/\/xn--reitanlage-gssendorf-fbc.at\/index.php\/wp-json\/wp\/v2\/comments?post=846"}],"version-history":[{"count":22,"href":"https:\/\/xn--reitanlage-gssendorf-fbc.at\/index.php\/wp-json\/wp\/v2\/pages\/846\/revisions"}],"predecessor-version":[{"id":1592,"href":"https:\/\/xn--reitanlage-gssendorf-fbc.at\/index.php\/wp-json\/wp\/v2\/pages\/846\/revisions\/1592"}],"wp:attachment":[{"href":"https:\/\/xn--reitanlage-gssendorf-fbc.at\/index.php\/wp-json\/wp\/v2\/media?parent=846"}],"curies":[{"name":"wp","href":"https:\/\/api.w.org\/{rel}","templated":true}]}}